{"id":743,"date":"2019-01-03T22:08:48","date_gmt":"2019-01-03T22:08:48","guid":{"rendered":"http:\/\/cecat.com.ar\/?page_id=743"},"modified":"2021-03-26T11:06:59","modified_gmt":"2021-03-26T14:06:59","slug":"solicitud-de-espacio","status":"publish","type":"page","link":"https:\/\/cecat.com.ar\/?page_id=743","title":{"rendered":"Solicitud de espacio"},"content":{"rendered":"<p>[et_pb_section fb_built=&#8221;1&#8243; _builder_version=&#8221;3.22&#8243; use_background_color_gradient=&#8221;on&#8221; background_color_gradient_start=&#8221;rgba(0,0,0,0.25)&#8221; background_color_gradient_end=&#8221;rgba(0,0,0,0.75)&#8221; background_color_gradient_overlays_image=&#8221;on&#8221; background_image=&#8221;https:\/\/cecat.com.ar\/wp-content\/uploads\/2019\/01\/DSC_1007-1920.jpg&#8221; custom_padding=&#8221;38px|0px|227px|0px|false|false&#8221;][et_pb_row _builder_version=&#8221;3.25&#8243;][et_pb_column type=&#8221;4_4&#8243; _builder_version=&#8221;3.25&#8243; custom_padding=&#8221;|||&#8221; custom_padding__hover=&#8221;|||&#8221;][et_pb_text _builder_version=&#8221;3.27.4&#8243; header_font=&#8221;||||||||&#8221; header_text_color=&#8221;#ffffff&#8221; header_font_size=&#8221;52px&#8221; header_font_size_tablet=&#8221;&#8221; header_font_size_phone=&#8221;35px&#8221; header_font_size_last_edited=&#8221;on|phone&#8221;]<\/p>\n<h1 style=\"text-align: center;\"><strong>Solicitud de Espacio<\/strong><\/h1>\n<p>[\/et_pb_text][\/et_pb_column][\/et_pb_row][\/et_pb_section][et_pb_section fb_built=&#8221;1&#8243; _builder_version=&#8221;4.5.6&#8243; hover_enabled=&#8221;0&#8243;][et_pb_row column_structure=&#8221;1_3,1_3,1_3&#8243; _builder_version=&#8221;3.25&#8243; custom_padding=&#8221;27px|0px|39px|0px|false|false&#8221; min_height=&#8221;271px&#8221;][et_pb_column type=&#8221;1_3&#8243; _builder_version=&#8221;3.25&#8243; custom_padding=&#8221;|||&#8221; custom_padding__hover=&#8221;|||&#8221;][et_pb_image src=&#8221;https:\/\/cecat.com.ar\/wp-content\/uploads\/2019\/01\/DSC_0966-854.jpg&#8221; align_tablet=&#8221;center&#8221; align_phone=&#8221;&#8221; align_last_edited=&#8221;on|desktop&#8221; _builder_version=&#8221;3.23&#8243; hover_enabled=&#8221;0&#8243;]<\/p>\n<p>[\/et_pb_image][\/et_pb_column][et_pb_column type=&#8221;1_3&#8243; _builder_version=&#8221;3.25&#8243; custom_padding=&#8221;|||&#8221; custom_padding__hover=&#8221;|||&#8221;][et_pb_image src=&#8221;https:\/\/cecat.com.ar\/wp-content\/uploads\/2019\/01\/DSC_0968-854.jpg&#8221; align_tablet=&#8221;center&#8221; align_phone=&#8221;&#8221; align_last_edited=&#8221;on|desktop&#8221; _builder_version=&#8221;3.23&#8243; custom_margin=&#8221;-36px|-59px|-37px|-61px||&#8221; custom_padding=&#8221;0px||0px|||&#8221; hover_enabled=&#8221;0&#8243;]<\/p>\n<p>[\/et_pb_image][\/et_pb_column][et_pb_column type=&#8221;1_3&#8243; _builder_version=&#8221;3.25&#8243; custom_padding=&#8221;|||&#8221; custom_padding__hover=&#8221;|||&#8221;][et_pb_image src=&#8221;https:\/\/cecat.com.ar\/wp-content\/uploads\/2019\/01\/DSC_0977-854.jpg&#8221; align_tablet=&#8221;center&#8221; align_phone=&#8221;&#8221; align_last_edited=&#8221;on|desktop&#8221; _builder_version=&#8221;3.23&#8243; custom_margin=&#8221;0px|0px|0px|0px&#8221; custom_padding=&#8221;0px||12px|0px&#8221;]<\/p>\n<p>[\/et_pb_image][\/et_pb_column][\/et_pb_row][et_pb_row _builder_version=&#8221;3.25&#8243; custom_padding=&#8221;0|0px|0|0px|false|false&#8221;][et_pb_column type=&#8221;4_4&#8243; _builder_version=&#8221;3.25&#8243; custom_padding=&#8221;|||&#8221; custom_padding__hover=&#8221;|||&#8221;][et_pb_text _builder_version=&#8221;3.27.4&#8243;]<\/p>\n<p><strong>CeCaT cuenta con las siguientes instalaciones y est\u00e1n disponibles con previa solicitud:<\/strong><\/p>\n<ul>\n<li>Dos aulas de 12 y 22 asientos.<\/li>\n<li>Dos salas de reuni\u00f3n de 6 y 8.<\/li>\n<li>Un auditorio con 50 sillas.<\/li>\n<li>Sal\u00f3n mayor para exposiciones de arte con 20 atriles.<\/li>\n<li>Explanada exterior.<\/li>\n<\/ul>\n<p>Se puede solicitar (sin costo alguno) para presentaciones de libro, exposiciones de arte, obras, encuentros, jornadas solidarias, etc.<\/p>\n<p>Las instalaciones cuentan con aire acondicionado, wifi, sonido, proyector, pizarras, y dem\u00e1s condiciones t\u00e9cnicas.\u00a0<\/p>\n<p>Complet\u00e1 el siguiente formulario con todos los datos requeridos y te contactaremos: (Enviar con 20 d\u00edas de antelaci\u00f3n como m\u00ednimo)<\/p>\n<p>[\/et_pb_text][\/et_pb_column][\/et_pb_row][et_pb_row _builder_version=&#8221;3.25&#8243;][et_pb_column type=&#8221;4_4&#8243; _builder_version=&#8221;3.25&#8243; custom_padding=&#8221;|||&#8221; custom_padding__hover=&#8221;|||&#8221;][et_pb_contact_form captcha=&#8221;off&#8221; email=&#8221;recepcion.cecat@gmail.com&#8221; title=&#8221;Enviar el siguiente Formulario a recepcion.cecat@gmail.com&#8221; success_message=&#8221;Hemos recibido su solicitud. En breve nos contactaremos.&#8221; module_id=&#8221;et_pb_contact_form_0&#8243; _builder_version=&#8221;4.5.6&#8243; title_font=&#8221;||||||||&#8221; form_field_font=&#8221;||||||||&#8221; hover_enabled=&#8221;0&#8243; use_redirect=&#8221;on&#8221; redirect_url=&#8221;recepcion.cecat@gmail.com&#8221;][et_pb_contact_field field_id=&#8221;fecha_evento:&#8221; field_title=&#8221;Fecha del Evento&#8221; fullwidth_field=&#8221;on&#8221; _builder_version=&#8221;3.17.6&#8243;][\/et_pb_contact_field][et_pb_contact_field field_id=&#8221;descripcion:&#8221; field_title=&#8221;Descripci\u00f3n Breve&#8221; field_type=&#8221;text&#8221; fullwidth_field=&#8221;on&#8221; _builder_version=&#8221;3.17.6&#8243;][\/et_pb_contact_field][et_pb_contact_field field_id=&#8221;Cantidad_de_Publico:&#8221; field_title=&#8221;Cantidad de p\u00fablico estimado:&#8221; allowed_symbols=&#8221;numbers&#8221; required_mark=&#8221;off&#8221; fullwidth_field=&#8221;on&#8221; _builder_version=&#8221;3.17.6&#8243;][\/et_pb_contact_field][et_pb_contact_field field_id=&#8221;Hora_de_Inicio:&#8221; field_title=&#8221;Hora de Inicio:&#8221; _builder_version=&#8221;3.17.6&#8243;][\/et_pb_contact_field][et_pb_contact_field field_id=&#8221;Hora_Finalizacion&#8221; field_title=&#8221;Hora Finalizaci\u00f3n&#8221; required_mark=&#8221;off&#8221; _builder_version=&#8221;3.17.6&#8243;][\/et_pb_contact_field][et_pb_contact_field field_id=&#8221;Ingreso_para_armado:&#8221; field_title=&#8221;Ingreso para armado&#8221; required_mark=&#8221;off&#8221; _builder_version=&#8221;3.17.6&#8243;][\/et_pb_contact_field][et_pb_contact_field field_id=&#8221;Tiempo_de_desarmado&#8221; field_title=&#8221;Tiempo de desarmado&#8221; required_mark=&#8221;off&#8221; _builder_version=&#8221;3.17.6&#8243;][\/et_pb_contact_field][et_pb_contact_field field_id=&#8221;sala_solicitada&#8221; field_title=&#8221;Sala Solicitada&#8221; field_type=&#8221;select&#8221; select_options=&#8221;%91{%22value%22:%22Aula 1%22,%22checked%22:0,%22dragID%22:-1},{%22value%22:%22Aula 2%22,%22checked%22:0,%22dragID%22:0},{%22value%22:%22Auditorio%22,%22checked%22:0,%22dragID%22:1},{%22value%22:%22Sala de reuni\u00f3n%22,%22checked%22:0,%22dragID%22:2},{%22value%22:%22Explanada%22,%22checked%22:0,%22dragID%22:3}%93&#8243; required_mark=&#8221;off&#8221; fullwidth_field=&#8221;on&#8221; conditional_logic=&#8221;on&#8221; conditional_logic_rules=&#8221;%91{%22field%22:%22tipo_actividad%22,%22condition%22:%22is%22,%22value%22:%22Reuni\u00f3n%22}%93&#8243; _builder_version=&#8221;3.17.6&#8243;][\/et_pb_contact_field][et_pb_contact_field field_id=&#8221;tipo_actividad&#8221; field_title=&#8221;Tipo de Actividad&#8221; field_type=&#8221;select&#8221; select_options=&#8221;%91{%22value%22:%22Reuni\u00f3n%22,%22checked%22:0,%22dragID%22:-1},{%22value%22:%22Pedag\u00f3gica%22,%22checked%22:0,%22dragID%22:0},{%22value%22:%22Espect\u00e1culo%22,%22checked%22:0,%22dragID%22:1}%93&#8243; required_mark=&#8221;off&#8221; fullwidth_field=&#8221;on&#8221; _builder_version=&#8221;3.17.6&#8243;][\/et_pb_contact_field][et_pb_contact_field field_id=&#8221;tipo_de_reunion&#8221; field_title=&#8221;Tipo de reuni\u00f3n&#8221; field_type=&#8221;select&#8221; select_options=&#8221;%91{%22value%22:%22Convenci\u00f3n%22,%22checked%22:0,%22dragID%22:-1},{%22value%22:%22Jornada%22,%22checked%22:0,%22dragID%22:0},{%22value%22:%22Charla%22,%22checked%22:0,%22dragID%22:1},{%22value%22:%22Otro%22,%22checked%22:0,%22dragID%22:2}%93&#8243; required_mark=&#8221;off&#8221; fullwidth_field=&#8221;on&#8221; conditional_logic=&#8221;on&#8221; conditional_logic_rules=&#8221;%91{%22field%22:%22tipo_actividad%22,%22condition%22:%22is%22,%22value%22:%22Reuni\u00f3n%22}%93&#8243; _builder_version=&#8221;3.17.6&#8243;][\/et_pb_contact_field][et_pb_contact_field field_id=&#8221;tipo_jornada_pedagogica&#8221; field_title=&#8221;Tipo de jornada pedag\u00f3gica&#8221; field_type=&#8221;select&#8221; select_options=&#8221;%91{%22value%22:%22Convenci\u00f3n%22,%22checked%22:0,%22dragID%22:-1},{%22value%22:%22Jornada%22,%22checked%22:0,%22dragID%22:0},{%22value%22:%22Charla%22,%22checked%22:0,%22dragID%22:1},{%22value%22:%22Otro%22,%22checked%22:0,%22dragID%22:2}%93&#8243; required_mark=&#8221;off&#8221; fullwidth_field=&#8221;on&#8221; conditional_logic=&#8221;on&#8221; conditional_logic_rules=&#8221;%91{%22field%22:%22tipo_actividad%22,%22condition%22:%22is%22,%22value%22:%22Pedag\u00f3gica%22}%93&#8243; _builder_version=&#8221;3.17.6&#8243;][\/et_pb_contact_field][et_pb_contact_field field_id=&#8221;tipo_espectaculo&#8221; field_title=&#8221;Tipo de espect\u00e1culo&#8221; field_type=&#8221;select&#8221; select_options=&#8221;%91{%22value%22:%22Musical%22,%22checked%22:0,%22dragID%22:1},{%22value%22:%22Teatral%22,%22checked%22:0,%22dragID%22:2},{%22value%22:%22Danzas%22,%22checked%22:0,%22dragID%22:3},{%22value%22:%22Audiovisual%22,%22checked%22:0,%22dragID%22:4},{%22value%22:%22Pl\u00e1sticas%22,%22checked%22:0,%22dragID%22:5},{%22value%22:%22Presentaci\u00f3n Libro%22,%22checked%22:0,%22dragID%22:6},{%22value%22:%22Otros%22,%22checked%22:0,%22dragID%22:7}%93&#8243; required_mark=&#8221;off&#8221; fullwidth_field=&#8221;on&#8221; conditional_logic=&#8221;on&#8221; conditional_logic_rules=&#8221;%91{%22field%22:%22tipo_actividad%22,%22condition%22:%22is%22,%22value%22:%22Espect\u00e1culo%22}%93&#8243; _builder_version=&#8221;3.17.6&#8243;][\/et_pb_contact_field][et_pb_contact_field field_id=&#8221;detalle_otro&#8221; field_title=&#8221;Especifique tipo de espect\u00e1culo&#8221; field_type=&#8221;text&#8221; required_mark=&#8221;off&#8221; fullwidth_field=&#8221;on&#8221; conditional_logic=&#8221;on&#8221; conditional_logic_rules=&#8221;%91{%22field%22:%22tipo_espectaculo%22,%22condition%22:%22is%22,%22value%22:%22Otros%22}%93&#8243; _builder_version=&#8221;3.17.6&#8243;][\/et_pb_contact_field][et_pb_contact_field field_id=&#8221;apellido_nombre_responsable&#8221; field_title=&#8221;Apellido y Nombre del responsable&#8221; _builder_version=&#8221;3.17.6&#8243;][\/et_pb_contact_field][et_pb_contact_field field_id=&#8221;documento&#8221; field_title=&#8221;Numero de DNI&#8221; _builder_version=&#8221;3.17.6&#8243;][\/et_pb_contact_field][et_pb_contact_field field_id=&#8221;organismo_asociacion_sociedad&#8221; field_title=&#8221;Organismo | Asociaci\u00f3n | Sociedad&#8221; required_mark=&#8221;off&#8221; _builder_version=&#8221;3.17.6&#8243;][\/et_pb_contact_field][et_pb_contact_field field_id=&#8221;domicilio&#8221; field_title=&#8221;Domicilio&#8221; _builder_version=&#8221;3.17.6&#8243;][\/et_pb_contact_field][et_pb_contact_field field_id=&#8221;telefono&#8221; field_title=&#8221;Tel\u00e9fonos&#8221; _builder_version=&#8221;3.17.6&#8243;][\/et_pb_contact_field][et_pb_contact_field field_id=&#8221;mail&#8221; field_title=&#8221;Correo Electr\u00f3nico&#8221; _builder_version=&#8221;3.17.6&#8243;][\/et_pb_contact_field][et_pb_contact_field field_id=&#8221;requerimientos_tecnicos&#8221; field_title=&#8221;Requerimientos t\u00e9cnicos | Rider t\u00e9cnico&#8221; required_mark=&#8221;off&#8221; _builder_version=&#8221;3.17.6&#8243;][\/et_pb_contact_field][et_pb_contact_field field_id=&#8221;sonido&#8221; field_title=&#8221;Sonido&#8221; required_mark=&#8221;off&#8221; _builder_version=&#8221;3.17.6&#8243;][\/et_pb_contact_field][et_pb_contact_field field_id=&#8221;otros_requerimientos&#8221; field_title=&#8221;Otros requerimientos&#8221; field_type=&#8221;text&#8221; required_mark=&#8221;off&#8221; fullwidth_field=&#8221;on&#8221; _builder_version=&#8221;3.17.6&#8243;][\/et_pb_contact_field][\/et_pb_contact_form][\/et_pb_column][\/et_pb_row][et_pb_row _builder_version=&#8221;3.25&#8243;][et_pb_column type=&#8221;4_4&#8243; _builder_version=&#8221;3.25&#8243; custom_padding=&#8221;|||&#8221; custom_padding__hover=&#8221;|||&#8221;][et_pb_text _builder_version=&#8221;3.27.4&#8243;]<\/p>\n<p><strong>Prensa:<\/strong> <br \/>Incluir logos del CeCaT y la Secretar\u00eda de Cultura de la Provincia de Entre R\u00edos y enviar el flyer de difusi\u00f3n para su aprobaci\u00f3n al correo electr\u00f3nico <a href=\"mailto:info@cecat.com.ar\">recepcion.cecat@gmail.com<\/a>.<\/p>\n<p><strong>Seguridad: <\/strong><br \/>La Casa no se responsabiliza por la p\u00e9rdida o extrav\u00edo de objetos personales. Solicitamos a cada responsable dejar una copia firmada de este documento en la Administraci\u00f3n, como acuse de recibo y conformidad.<\/p>\n<p>IMPORTANTE:<\/p>\n<ul>\n<li>Aclaraci\u00f3n: Las actividades que se desarrollen dentro del CeCaT deber\u00e1n ser Sin Fines de Lucro.<\/li>\n<li>Los espacios utilizados, deben ser devueltos en las mismas condiciones en que han sido otorgados.<\/li>\n<li>La casa se reserva el derecho de admisi\u00f3n y permanencia.<\/li>\n<li>En las propuestas externas el CeCaT se reserva el derecho a modificar fechas de ser necesario.<\/li>\n<li>En propuestas internas el CeCaT podr\u00e1 modificar fechas, contenidos y oradores de ser necesario.<\/li>\n<\/ul>\n<p>[\/et_pb_text][\/et_pb_column][\/et_pb_row][\/et_pb_section][et_pb_section fb_built=&#8221;1&#8243; _builder_version=&#8221;3.17.6&#8243; background_color=&#8221;#000000&#8243; custom_padding=&#8221;13px|0px|54px|0px|false|false&#8221; global_module=&#8221;111&#8243; saved_tabs=&#8221;all&#8221;][et_pb_row column_structure=&#8221;1_2,1_2&#8243; _builder_version=&#8221;3.25&#8243;][et_pb_column type=&#8221;1_2&#8243; _builder_version=&#8221;3.25&#8243; custom_padding=&#8221;|||&#8221; custom_padding__hover=&#8221;|||&#8221;][et_pb_image src=&#8221;https:\/\/cecat.com.ar\/wp-content\/uploads\/2018\/11\/logo_cecat_500_blanco.png&#8221; align=&#8221;right&#8221; align_tablet=&#8221;center&#8221; align_phone=&#8221;&#8221; align_last_edited=&#8221;on|desktop&#8221; _builder_version=&#8221;3.23&#8243; max_width=&#8221;41%&#8221;][\/et_pb_image][et_pb_text _builder_version=&#8221;3.27.4&#8243; custom_margin=&#8221;-19px||&#8221;]<\/p>\n<p style=\"text-align: right;\">Promoviendo el desarrollo tur\u00edstico y cultural<br \/> de la Provincia de Entre R\u00edos<\/p>\n<p style=\"text-align: right;\">Alfonsina Storni 9064 | C. del Uruguay | E.R.<br \/> <a href=\"https:\/\/cecat.com.ar\/terminos-y-condiciones\/\">T\u00e9rminos y Condiciones<\/a><\/p>\n<p>[\/et_pb_text][et_pb_text _builder_version=&#8221;3.27.4&#8243; text_line_height=&#8221;1em&#8221; header_5_text_color=&#8221;#686868&#8243;]<\/p>\n<h5 style=\"text-align: right;\"><em>Telefonos<\/em><\/h5>\n<p style=\"text-align: right;\"><a href=\"mailto:info@cecat.com.ar\">recepcion.cecat@gmail.com<\/a>\u00a0| <a href=\"https:\/\/www.cecat.com.ar\">www.cecat.com.ar<\/a><\/p>\n<p>[\/et_pb_text][et_pb_social_media_follow _builder_version=&#8221;4.0.4&#8243; text_orientation=&#8221;right&#8221; custom_margin=&#8221;-17px||&#8221;][et_pb_social_media_follow_network social_network=&#8221;facebook&#8221; url=&#8221;https:\/\/www.facebook.com\/cecat.entre.rios&#8221; _builder_version=&#8221;3.17.6&#8243; background_color=&#8221;#3b5998&#8243; follow_button=&#8221;off&#8221; url_new_window=&#8221;on&#8221;]facebook[\/et_pb_social_media_follow_network][et_pb_social_media_follow_network social_network=&#8221;instagram&#8221; url=&#8221;https:\/\/www.instagram.com\/ce.ca.t\/&#8221; _builder_version=&#8221;4.0.4&#8243; background_color=&#8221;#ea2c59&#8243; custom_margin=&#8221;0px||&#8221; custom_padding=&#8221;0px||&#8221; follow_button=&#8221;off&#8221; url_new_window=&#8221;on&#8221;]instagram[\/et_pb_social_media_follow_network][\/et_pb_social_media_follow][\/et_pb_column][et_pb_column type=&#8221;1_2&#8243; _builder_version=&#8221;3.25&#8243; custom_padding=&#8221;|||&#8221; custom_padding__hover=&#8221;|||&#8221;][et_pb_code _builder_version=&#8221;3.17.6&#8243;]<iframe src=\"https:\/\/www.google.com\/maps\/embed?pb=!1m18!1m12!1m3!1d3366.273006467199!2d-58.2493275848258!3d-32.4653888810673!2m3!1f0!2f0!3f0!3m2!1i1024!2i768!4f13.1!3m3!1m2!1s0x0%3A0x0!2zMzLCsDI3JzU1LjQiUyA1OMKwMTQnNDkuNyJX!5e0!3m2!1ses!2sar!4v1543678880546\" width=\"400\" height=\"300\" frameborder=\"0\" style=\"border:0\" allowfullscreen><\/iframe>[\/et_pb_code][\/et_pb_column][\/et_pb_row][\/et_pb_section]<\/p>\n","protected":false},"excerpt":{"rendered":"<p>[et_pb_section fb_built=&#8221;1&#8243; _builder_version=&#8221;3.22&#8243; use_background_color_gradient=&#8221;on&#8221; background_color_gradient_start=&#8221;rgba(0,0,0,0.25)&#8221; background_color_gradient_end=&#8221;rgba(0,0,0,0.75)&#8221; background_color_gradient_overlays_image=&#8221;on&#8221; background_image=&#8221;https:\/\/cecat.com.ar\/wp-content\/uploads\/2019\/01\/DSC_1007-1920.jpg&#8221; custom_padding=&#8221;38px|0px|227px|0px|false|false&#8221;][et_pb_row _builder_version=&#8221;3.25&#8243;][et_pb_column type=&#8221;4_4&#8243; _builder_version=&#8221;3.25&#8243; custom_padding=&#8221;|||&#8221; custom_padding__hover=&#8221;|||&#8221;][et_pb_text _builder_version=&#8221;3.27.4&#8243; header_font=&#8221;||||||||&#8221; header_text_color=&#8221;#ffffff&#8221; header_font_size=&#8221;52px&#8221; header_font_size_tablet=&#8221;&#8221; header_font_size_phone=&#8221;35px&#8221; header_font_size_last_edited=&#8221;on|phone&#8221;] Solicitud de Espacio [\/et_pb_text][\/et_pb_column][\/et_pb_row][\/et_pb_section][et_pb_section fb_built=&#8221;1&#8243; _builder_version=&#8221;4.5.6&#8243; hover_enabled=&#8221;0&#8243;][et_pb_row column_structure=&#8221;1_3,1_3,1_3&#8243; _builder_version=&#8221;3.25&#8243; custom_padding=&#8221;27px|0px|39px|0px|false|false&#8221; min_height=&#8221;271px&#8221;][et_pb_column type=&#8221;1_3&#8243; _builder_version=&#8221;3.25&#8243; custom_padding=&#8221;|||&#8221; custom_padding__hover=&#8221;|||&#8221;][et_pb_image src=&#8221;https:\/\/cecat.com.ar\/wp-content\/uploads\/2019\/01\/DSC_0966-854.jpg&#8221; align_tablet=&#8221;center&#8221; align_phone=&#8221;&#8221; align_last_edited=&#8221;on|desktop&#8221; _builder_version=&#8221;3.23&#8243; hover_enabled=&#8221;0&#8243;] [\/et_pb_image][\/et_pb_column][et_pb_column type=&#8221;1_3&#8243; _builder_version=&#8221;3.25&#8243; custom_padding=&#8221;|||&#8221; custom_padding__hover=&#8221;|||&#8221;][et_pb_image src=&#8221;https:\/\/cecat.com.ar\/wp-content\/uploads\/2019\/01\/DSC_0968-854.jpg&#8221; align_tablet=&#8221;center&#8221; align_phone=&#8221;&#8221; align_last_edited=&#8221;on|desktop&#8221; _builder_version=&#8221;3.23&#8243; custom_margin=&#8221;-36px|-59px|-37px|-61px||&#8221; custom_padding=&#8221;0px||0px|||&#8221; hover_enabled=&#8221;0&#8243;] [&hellip;]<\/p>\n","protected":false},"author":1,"featured_media":0,"parent":0,"menu_order":0,"comment_status":"closed","ping_status":"closed","template":"","meta":{"_et_pb_use_builder":"on","_et_pb_old_content":"","_et_gb_content_width":""},"_links":{"self":[{"href":"https:\/\/cecat.com.ar\/index.php?rest_route=\/wp\/v2\/pages\/743"}],"collection":[{"href":"https:\/\/cecat.com.ar\/index.php?rest_route=\/wp\/v2\/pages"}],"about":[{"href":"https:\/\/cecat.com.ar\/index.php?rest_route=\/wp\/v2\/types\/page"}],"author":[{"embeddable":true,"href":"https:\/\/cecat.com.ar\/index.php?rest_route=\/wp\/v2\/users\/1"}],"replies":[{"embeddable":true,"href":"https:\/\/cecat.com.ar\/index.php?rest_route=%2Fwp%2Fv2%2Fcomments&post=743"}],"version-history":[{"count":22,"href":"https:\/\/cecat.com.ar\/index.php?rest_route=\/wp\/v2\/pages\/743\/revisions"}],"predecessor-version":[{"id":1924,"href":"https:\/\/cecat.com.ar\/index.php?rest_route=\/wp\/v2\/pages\/743\/revisions\/1924"}],"wp:attachment":[{"href":"https:\/\/cecat.com.ar\/index.php?rest_route=%2Fwp%2Fv2%2Fmedia&parent=743"}],"curies":[{"name":"wp","href":"https:\/\/api.w.org\/{rel}","templated":true}]}}